 42) + 42 + -48.
-18
-36 + (83 + -89 - (-19 - 0))
-23
What is 10 + -3 + (-34 - -34) - 10?
-3
Evaluate 24 + -23 + (5 - 0) + -18 + 14.
2
What is (165 - 183) + (-1 - -15)?
-4
Evaluate 2 - (-2 + -10 + 11 + -4).
7
Calculate (11 + 1 - 2) + 293 + -333.
-30
Calculate 2 + (-2 - 4) + -6 + -15 + 32.
7
0 + (-7 + 6 - -10)
9
Evaluate -28 + -2 - (-218 - -166).
22
What is 10 + (-21 - -8 - -2)?
-1
Calculate 6 + -1 + (-26 - -16 - 35) - -10.
-30
What is the value of -5 + 23 - (2 - (1 - 0))?
17
What is the value of 6 - 1 - ((-2 - -6) + -6 - -8)?
-1
What is -2 + 15 + -37 + 21?
-3
What is the value of 23 + 0 + -2 - (3 - (-7 - -4))?
15
What is 4 + (-11 - -17 - 15)?
-5
What is -8 + 11 + -95 + 71?
-21
Calculate (-98 - -9) + 74 + 0 + 7.
-8
6 + (-4 - (-2 - 3))
7
What is the value of -3 + 0 - (-16 - (9 - 20 - -12))?
14
Evaluate (-203 - -180) + (-2 - (-2 - 3 - -2)).
-22
What is the value of (-3 - -22 - (158 + -126)) + 24?
11
(1 - 2) + (17 - 9 - 7) - 3
-3
Calculate (7 - -10) + -24 - 15.
-22
What is the value of 23 + (38 - 70) - (0 - -10)?
-19
0 + 39 + -51 + (2 - -33)
23
6 + (2 - 8) + 1 + 11
12
Calculate 22 + -6 + -6 + (-1 - 29).
-20
-3 + -17 + 8 + (0 - 15) + -1
-28
48 - 16 - 11 - 17
4
Calculate 7 - 1 - (253 - 266).
19
What is the value of -8 - -23 - (-2 + (4 - (0 - -6)))?
19
(-4 + -14 - -10) + 5
-3
What is the value of 6 + (-21 - 0 - -2)?
-13
What is the value of 1 + -34 + -284 + 306?
-11
What is -19 + (-27 - -15) - -4?
-27
What is the value of 0 + -3 + (-3 - -2) - -7?
3
Calculate -3 + -1 + (-499 - -484).
-19
Evaluate -99 + 87 + (27 - 1).
14
What is -8 + 8 + 9 + -4 + 6?
11
What is the value of 18 + 6 + (-53 - -38)?
9
What is 2 + (4 - (0 + 4)) + -16 + 6?
-8
What is the value of -11 + 22 + -8 + (-6 - -11)?
8
Evaluate (-1 - -1 - 14) + 1.
-13
-22 - (38 + -71 - -32)
-21
Evaluate -26 + 8 + -1 + 4 - -14.
-1
Evaluate 18 - (9 + 3 + 7 - 6 - 1).
6
-5 + -10 + (-15 - -9 - -14)
-7
(45 - 39) + (0 - -1) + (9 - 5)
11
What is ((-5 - 7) + 12 - -7) + -14?
-7
Evaluate -25 - (-1 + 0 + -13).
-11
What is (-5 - (0 + (-8 - -9))) + (1 - -10)?
5
What is -2 + 9 + 8 + -21?
-6
Calculate -4 + (4 - -18) + 38 + -47.
9
Calculate -13 - (12 - -1 - 13).
-13
What is the value of (5 - 19) + 6 + (64 - 40)?
16
Evaluate 0 + (-14 - -33 - 19).
0
Calculate -6 - (4 - 1) - (22 + -18).
-13
Evaluate 17 + (27 - (8 + 25)).
11
What is the value of (-7 - (-7 + -13)) + (0 - -1)?
14
What is -40 + (-9 - -6) + 21?
-22
Calculate 4 + 1 + 2 - (-4 - (-14 + 7)).
4
What is -7 + -2 + -1 + (-39 - -26)?
-23
What is -2 + 1 + 3 - (-31 + (-28 - -39))?
22
What is the value of -2 + -16 - (-26 + -11 + -4)?
23
What is (-2 - -7) + 11 + -13?
3
Calculate (27 + -30 - -40) + -15.
22
Calculate 7 + (25 - 27) + (-19 - (-1 + 1)).
-14
What is the value of 3 - (0 - (10 - (-7 - -8)) - -23)?
-11
(-2 - 2) + (-62 + 53 - (-1 + -1))
-11
Evaluate 6 - (8 - -6) - (8 - -2).
-18
8 - (5 + (29 - 11) + (2 - 1))
-16
Calculate 11 + (12 + -21 - 2) - 5.
-5
Calculate 20 + (-22 - 7) - -40.
31
What is -2 - (-3 - (21 - (-13 + 5)))?
30
Evaluate 0 + -3 + -1 - (1 + -1 + -19).
15
5 + -2 + -6 + 4 + 5
6
1 + -3 - (27 - 35) - 20
-14
18 + -20 + -28 - -16
-14
What is the value of -8 - ((-5 + 6 - -10) + -14)?
-5
-23 + 23 - (14 - 20)
6
-5 + -1 + 3 + 1 - (-213 + 205)
6
13 - (3 + -2 - (-79 + 93))
26
What is 0 + -13 + 120 + -109?
-2
What is -19 + 2 + 4 + (16 - 15) + 2?
-10
What is 412 - 403 - (15 + (-1 - 0)) - -11?
6
What is the value of -10 + 32 + -52 - (-16 - 2)?
-12
Calculate -11 - (-16 + 22 + 5 + -8).
-14
What is the value of 239 + -237 - (-2 + -11)?
15
Evaluate (-3 + -1 - (9 + -9)) + (9 - 3).
2
What is the value of (-10 + (5 - -13) - -5) + -28?
-15
What is -6 + (-111 - -110) + 1 + 1?
-5
Evaluate (37 - 7) + -91 + 32.
-29
What is -4 - 17 - (-251 + 229)?
1
14 - (-9 + -8 + (44 - 13))
0
Evaluate (-15 - (5 + -22)) + -17 - -13.
-2
Evaluate -365 - -321 - (-1 - 24).
-19
What is the value of 28 - (52 - (-9 - -31))?
-2
What is the value of (-4 - 2) + 48 + -17?
25
-5 + -4 + (0 - -10) + (4 - 9)
-4
What is the value of (-5 - 0 - (215 + -220)) + (20 - -1)?
21
Evaluate 0 + -1 + -4 + (-23 - (5 + -38)).
5
-1 + -4 + (-2 - 8) + 0 + 7
-8
Calculate -7 + (-14 - -15) + (2 - 0 - 1).
-5
(4 - 3) + 8 + 0 + -11
-2
What is the value of -10 - (7 + 2 + -9 + (-9 - -16))?
-17
Calculate -1 + (8 - -12) + -5.
14
What is 2 - (-9 + 0 + (-56 - -61) + 8)?
-2
Calculate 0 + 38 + -72 + (-2 - (0 - 7)).
-29
Calculate (0 - 7) + (7 + (-7 - 2) - -19).
10
What is -1 + -1 + -2 + 0?
-4
Evaluate 8 + 4 + 4 - 24.
-8
Evaluate (7 - (7 + -4)) + (-3 - 7).
-6
Evaluate (-12 - -11) + -8 - (7 + -12).
-4
What is 110 - 115 - (-3 - 4 - 2)?
4
Evaluate -17 + (-9 - -14) + -1 + 11.
-2
What is the value of 2 - -1 - -16 - (2 + -6 + 0)?
23
Evaluate -90 + 93 + (1 - 6).
-2
6 + -6 - (-10 + (1 - -6) + -6)
9
(17 + -23 - 7) + 9
-4
Calculate (6 - (1 - -5)) + 7 + -8.
-1
What is (2 - (8 - -8)) + 25?
11
Calculate -31 + 14 + -14 + 15.
-16
What is the value of -7 + 7 - (-12 + (-11 - -10))?
13
What is the value of -4 + 2 - (1 + -5 - (-17 - -18))?
3
Calculate (11 - 7) + -19 + 8 + (0 - 2).
-9
11 - ((21 - 3) + 2)
-9
0 + (12 + -9 - 2) + 11
12
What is 12 - (-23 + 38 + -8)?
5
What is the value of -5 + (11 + -4 - -8)?
10
Evaluate 4 - 1 - (11 - -6 - 20).
6
What is (3 - -8 - (-9 - -10)) + 1 + 1?
12
What is (-1 - 17) + 49 + -41 - 0?
-10
Evaluate (23 - 16) + (4 - 8).
3
(10 - (-2 + 3)) + (15 - (27 + 0))
-3
What is 4 + -23 + 11 + 1 + 0?
-7
86 - (-18 - -64) - (13 - -1)
26
Calculate (43 - 27 - 12) + -29.
-25
What is 27 - (-14 + (26 - -4))?
11
19 + 0 + 3 + (-9 + 3 - -6)
22
Evaluate 26 + (12 + -28 - 4).
6
-3 + 7 + -38 + 25
-9
Calculate (-4 - (-5 - 4)) + (2 - -4) + -12.
-1
Calculate -8 + 11 + -13 + 5.
-5
What is 4 + (52 - 18) + -22?
16
Calculate (-22 - -12) + -16 - -5.
-21
Evaluate (-89 - -52) + 9 + 0 + 3.
-25
12 + (-12 - 4) + (-3 + 1 - -10)
4
What is the value of 3 - 4 - ((-11 - 32) + 35)?
7
What is the value of -7 + 1 + -2 + (11 - 7)?
-4
Calculate -13 + 26 - 10 - (0 + 0 - -5).
-2
Calculate 37 + -8 + 33 + -48.
14
Evaluate -6 + 14 - (-10 - (-61 + 19)).
-24
Evaluate (-15 - -2) + -454 + 460.
-7
What is the value of 1 - 4 - (107 - 98) - -21?
9
What is the value of 26 + -3 + -173 + 134?
-16
Calculate -6 - (-10 - (-7 + -20)).
-23
Evaluate 53 - 76 - (4 + -3).
-24
What is the value of (-5 - 0) + 8 + 5?
8
-1 - ((-8 - -4) + -4) - -14
21
(6 - (8 + -1)) + -5
-6
What is -7 + (-6 - (-4 + 14 + -12)) - 11?
-22
-13 + 28 - (-1 - (-7 - 10))
-1
Evaluate (14 - 22 - 7) + -1 + -8.
-24
What is -3 - (-24 - -24 - (-13 + 3))?
-13
Calculate 28 - ((8 - -4) + 7 + -13).
22
-5 + (-15 + 5 - -6) + 2 - -35
28
3 + 0 + (3 - -42) + -52 + 36
32
What is (-3 + 1 - 8) + (30 - -4 - 36)?
-12
(1 - -5 - -1) + (-28 - -14) + 32
25
Calculate 46 + (-3 - (29 + 2 + -16)).
28
What is -26 - (30 + -15 - 27)?
-14
What is 14 + (1 - (9 - -8))?
-2
-27 - -9 - (17 + -32 - -17)
-20
Evaluate 8 + (-16 - -13 - -8).
13
-9 - (-6 + -2 + 5 + 4)
-10
Calculate 35 + -4 + -14 + (15 - (-4 - -3)).
33
(5 - -12) + (2 - (0 - -13)) + 2
8
What is the value of 14 + -7 + 8 - 4?
11
What is -63 + -84 + 164 - (-5 + 0)?
22
What is the value of -28 - -31 - (-2 + -23) - (-10 + 17)?
21
What is the value of -455 + 444 - (1 + 0 + -13)?
1
-5 - (7 + (-8 - (-3 + 3)) + -6)
2
Evaluate 30 + -5 + -15 - 6.
4
What is the value of -10 + (0 - -13) + 2?
5
(24 + -25 - 17) + 19
1
Evaluate (20 + -28 - -10) + (7 - 0) + -8.
1
What is the value of -8 - 0 - (13 + 0 + 1 + -2)?
-20
Calculate -25 + 20 + -10 - -7.
-8
What is 30 + -1 - (-14 - (-43 + 19))?
19
Calculate 10 + 11 + 3 - (5 - (-2 - -5)).
22
Calculate (6 - ((-3 + 7 - -1) + -6)) + 4.
11
10 + -11 + 4 - (-8 + 30)
-19
What is the value of 18 + -5 + -12 + (3 - -1) - 37?
-32
What is the value of 1 - (-1 + 11 + -6 + (7 - -4))?
-14
Evaluate (105 - (0 - -80)) + 1 + -8.
18
What is -23 + 17 + (10 + -11 - (1 + 2))?
-10
Calculate -5 + -5 + 13 + (-3 - -3) + -2.
1
Evaluate (34 - 1) + -62 + (78 - 30).
19
What is -53 + 34 + -6 + 4?
-21
What is (4 + -36 - 10) + 55?
13
What is 15 + -20 + 15 + -4 + -4?
2
Evaluate -1 + 3 + (8 + 0 - (-249 + 247)).
12
What is (-3 - -14 - 5) + -7 + 1?
0
What is the value of -13 - (-14 + 5 + 6)?
-10
Evaluate -26 - -15 - (12 + 16 + -7).
-32
3 + (-9 - -2) + 5 + 13
14
What is 24 + -33 - (0 - 0 - 23)?
14
What is the value of 11 + (-13 - -11) + (2 - (-9 + 2))?
18
What is the value of 1 + 14 + 125 + -161 - -11?
-10
Evaluate 20 + (-26